{"id":2577,"date":"2020-01-13T14:27:44","date_gmt":"2020-01-13T13:27:44","guid":{"rendered":"https:\/\/victoria-collection.de\/?post_type=product&#038;p=2577"},"modified":"2026-04-29T12:00:05","modified_gmt":"2026-04-29T11:00:05","slug":"emma","status":"publish","type":"product","link":"https:\/\/victoria-collection.de\/fr\/shop\/emma\/","title":{"rendered":"EMMA"},"content":{"rendered":"<p style=\"color: white; font-size: 0px; !important;\">11529 EMMA &#8211; extra langes, halbhartes Etui &#8211; Extra long, semi-rigid case &#8211; \u00e9tui semi-rigide ultra-long &#8211; Bezug in lederoptik &#8211; Leather look cover &#8211; rev\u00eatement imitation cuir &#8211; mit Magnetverschluss und Metallzierleiste &#8211; Magnetic fastener and decorative metal trim &#8211; fermeture aimant\u00e9e et barrette m\u00e9tallique d\u00e9corative &#8211; cremefarbenes Innenfutter &#8211; Cream lining &#8211; doublure int\u00e9rieure cr\u00e8me <\/p>\n","protected":false},"excerpt":{"rendered":"<p>[visitor]<strong>DE:<\/strong> Beschreibungen und Preise werden nur angemeldeten Besuchern unserer Internetseite angezeigt, da sich unser Angebot ausschlie\u00dflich an Wiederverk\u00e4ufer richtet. Bitte melden Sie sich an, um die volle Funktionalit\u00e4t dieser Seite freizuschalten. <a href=\"https:\/\/victoria-collection.de\/de\/wp-login.php\">Bitte melden Sie sich hier an.<\/a><\/p>\n<p><strong>EN:<\/strong> Descriptions and prices are only displayed to registered visitors to our website, as our offer is aimed exclusively at resellers. Please log in to unlock the full functionality of this page. <a href=\"https:\/\/victoria-collection.de\/en\/wp-login.php\">Please log in here.<\/a><\/p>\n<p><strong>FR:<\/strong> Descriptions et les prix ne sont affich\u00e9s que pour les visiteurs enregistr\u00e9s sur notre site web, car notre offre s&rsquo;adresse exclusivement aux revendeurs. Veuillez vous connecter pour d\u00e9verrouiller toutes les fonctionnalit\u00e9s de cette page. <a href=\"https:\/\/victoria-collection.de\/fr\/wp-login.php\">Veuillez vous inscrire ici.<\/a><\/p>\n<p>[\/visitor][member]<\/p>\n<table style =\"width:100%\">\n<tr>\n<td style=\"width:20%\"><strong>Num\u00e9ro du mod\u00e8le:<\/strong><\/td>\n<td style=\"width:35%\">11529<\/td>\n<td style=\"width:15%\">&nbsp;<\/td>\n<td style=\"width:30%\">&nbsp;<\/td>\n<\/tr>\n<tr>\n<td style=\"width:20%\">&nbsp;<\/td>\n<td style=\"width:35%\">&nbsp;<\/td>\n<td style=\"width:15%\">&nbsp;<\/td>\n<td style=\"width:30%\">&nbsp;<\/td>\n<\/tr>\n<tr>\n<td style=\"width:20%\"><strong>Conditionnement:<\/strong><\/td>\n<td style=\"width:35%\">9 Pi\u00e8ce<\/td>\n<td style=\"width:15%\"><strong>Prix \u00e0 l&rsquo;unit\u00e9:<\/strong><\/td>\n<td style=\"width:30%\">\u20ac 4,30<\/td>\n<\/tr>\n<tr>\n<td style=\"width:20%\">&nbsp;<\/td>\n<td style=\"width:35%\">&nbsp;<\/td>\n<td style=\"width:15%\">&nbsp;<\/td>\n<td style=\"width:30%\">&nbsp;<\/td>\n<\/tr>\n<tr>\n<td style=\"width:20%\"><strong>Description:<\/strong><\/td>\n<td style=\"width:35%\">&#8211; \u00e9tui semi-rigide ultra-long<\/td>\n<td style=\"width:15%\"><strong>Dimensions:<\/strong><\/td>\n<td style=\"width:30%\">L 170 \/ L 65 \/ H 35 mm<\/td>\n<\/tr>\n<tr>\n<td style=\"width:20%\">&nbsp;<\/td>\n<td style=\"width:35%\">&#8211; rev\u00eatement imitation cuir<\/td>\n<td style=\"width:15%\">&nbsp;<\/td>\n<td style=\"width:30%\">&nbsp;<\/td>\n<\/tr>\n<tr>\n<td style=\"width:20%\">&nbsp;<\/td>\n<td style=\"width:35%\">&#8211; fermeture aimant\u00e9e et barrette m\u00e9tallique d\u00e9corative<\/td>\n<td style=\"width:15%\"><strong>Couleurs:<\/strong><\/td>\n<td style=\"width:30%\">tri\u00e9s en 3 couleurs<\/td>\n<\/tr>\n<tr>\n<td style=\"width:20%\">&nbsp;<\/td>\n<td style=\"width:35%\">&#8211; doublure int\u00e9rieure cr\u00e8me<\/td>\n<td style=\"width:15%\">&nbsp;<\/td>\n<td style=\"width:30%\">&nbsp;<\/td>\n<\/tr>\n<\/table>\n<p>[\/member]<\/p>\n","protected":false},"featured_media":2579,"template":"","meta":[],"product_cat":[212,307],"product_tag":[],"acf":[],"_links":{"self":[{"href":"https:\/\/victoria-collection.de\/fr\/wp-json\/wp\/v2\/product\/2577"}],"collection":[{"href":"https:\/\/victoria-collection.de\/fr\/wp-json\/wp\/v2\/product"}],"about":[{"href":"https:\/\/victoria-collection.de\/fr\/wp-json\/wp\/v2\/types\/product"}],"wp:featuredmedia":[{"embeddable":true,"href":"https:\/\/victoria-collection.de\/fr\/wp-json\/wp\/v2\/media\/2579"}],"wp:attachment":[{"href":"https:\/\/victoria-collection.de\/fr\/wp-json\/wp\/v2\/media?parent=2577"}],"wp:term":[{"taxonomy":"product_cat","embeddable":true,"href":"https:\/\/victoria-collection.de\/fr\/wp-json\/wp\/v2\/product_cat?post=2577"},{"taxonomy":"product_tag","embeddable":true,"href":"https:\/\/victoria-collection.de\/fr\/wp-json\/wp\/v2\/product_tag?post=2577"}],"curies":[{"name":"wp","href":"https:\/\/api.w.org\/{rel}","templated":true}]}}

<p style="color: white; font-size: 0px; !important;">11529 EMMA &#8211; extra langes, halbhartes Etui &#8211; Extra long, semi-rigid case &#8211; étui semi-rigide ultra-long &#8211; Bezug in lederoptik &#8211; Leather look cover &#8211; revêtement imitation cuir &#8211; mit Magnetverschluss und Metallzierleiste &#8211; Magnetic fastener and decorative metal trim &#8211; fermeture aimantée et barrette métallique décorative &#8211; cremefarbenes Innenfutter &#8211; Cream lining &#8211; doublure intérieure crème </p>

<p>[visitor]<strong>DE:</strong> Beschreibungen und Preise werden nur angemeldeten Besuchern unserer Internetseite angezeigt, da sich unser Angebot ausschließlich an Wiederverkäufer richtet. Bitte melden Sie sich an, um die volle Funktionalität dieser Seite freizuschalten. <a href="https://victoria-collection.de/de/wp-login.php">Bitte melden Sie sich hier an.</a></p>
<p><strong>EN:</strong> Descriptions and prices are only displayed to registered visitors to our website, as our offer is aimed exclusively at resellers. Please log in to unlock the full functionality of this page. <a href="https://victoria-collection.de/en/wp-login.php">Please log in here.</a></p>
<p><strong>FR:</strong> Descriptions et les prix ne sont affichés que pour les visiteurs enregistrés sur notre site web, car notre offre s&rsquo;adresse exclusivement aux revendeurs. Veuillez vous connecter pour déverrouiller toutes les fonctionnalités de cette page. <a href="https://victoria-collection.de/fr/wp-login.php">Veuillez vous inscrire ici.</a></p>
<p>[/visitor][member]</p>
<table style ="width:100%">
<tr>
<td style="width:20%"><strong>Numéro du modèle:</strong></td>
<td style="width:35%">11529</td>
<td style="width:15%">&nbsp;</td>
<td style="width:30%">&nbsp;</td>
</tr>
<tr>
<td style="width:20%">&nbsp;</td>
<td style="width:35%">&nbsp;</td>
<td style="width:15%">&nbsp;</td>
<td style="width:30%">&nbsp;</td>
</tr>
<tr>
<td style="width:20%"><strong>Conditionnement:</strong></td>
<td style="width:35%">9 Pièce</td>
<td style="width:15%"><strong>Prix à l&rsquo;unité:</strong></td>
<td style="width:30%">€ 4,30</td>
</tr>
<tr>
<td style="width:20%">&nbsp;</td>
<td style="width:35%">&nbsp;</td>
<td style="width:15%">&nbsp;</td>
<td style="width:30%">&nbsp;</td>
</tr>
<tr>
<td style="width:20%"><strong>Description:</strong></td>
<td style="width:35%">&#8211; étui semi-rigide ultra-long</td>
<td style="width:15%"><strong>Dimensions:</strong></td>
<td style="width:30%">L 170 / L 65 / H 35 mm</td>
</tr>
<tr>
<td style="width:20%">&nbsp;</td>
<td style="width:35%">&#8211; revêtement imitation cuir</td>
<td style="width:15%">&nbsp;</td>
<td style="width:30%">&nbsp;</td>
</tr>
<tr>
<td style="width:20%">&nbsp;</td>
<td style="width:35%">&#8211; fermeture aimantée et barrette métallique décorative</td>
<td style="width:15%"><strong>Couleurs:</strong></td>
<td style="width:30%">triés en 3 couleurs</td>
</tr>
<tr>
<td style="width:20%">&nbsp;</td>
<td style="width:35%">&#8211; doublure intérieure crème</td>
<td style="width:15%">&nbsp;</td>
<td style="width:30%">&nbsp;</td>
</tr>
</table>
<p>[/member]</p>
